{"id":23515,"date":"2024-08-14T08:53:18","date_gmt":"2024-08-14T08:53:18","guid":{"rendered":"https:\/\/ilussorent.hu\/?post_type=vehica_car&#038;p=23515"},"modified":"2024-11-26T08:52:33","modified_gmt":"2024-11-26T08:52:33","slug":"bmw-x5-40d","status":"publish","type":"vehica_car","link":"https:\/\/ilussorent.hu\/en\/auto\/bmw-x5-40d\/","title":{"rendered":"BMW X5 30d A T\u00d6K\u00c9LETES PR\u00c9MIUM SUV"},"content":{"rendered":"<p class=\"p1\">Ismerd meg a 2024-es BMW X5 30d-t, a luxus \u00e9s a teljes\u00edtm\u00e9ny t\u00f6k\u00e9letes \u00f6tv\u00f6zet\u00e9t, amely minden utaz\u00e1st eml\u00e9kezetess\u00e9 tesz!<\/p>\n<p class=\"p1\">Az \u00faj gener\u00e1ci\u00f3s BMW X5 30d a legmodernebb d\u00edzeltechnol\u00f3gi\u00e1val \u00e9rkezik, 286 l\u00f3er\u0151s motorj\u00e1val \u00e9s 650 Nm-es nyomat\u00e9k\u00e1val elk\u00e9peszt\u0151 gyorsul\u00e1st \u00e9s rugalmass\u00e1got k\u00edn\u00e1l. A BMW xDrive \u00f6sszker\u00e9khajt\u00e1s biztos\u00edtja a stabilit\u00e1st b\u00e1rmilyen terepen, legyen az v\u00e1rosi utca vagy hegyi szerpentin.<\/p>\n<p class=\"p1\">Az \u00faj diz\u00e1jn m\u00e9g kifinomultabb, az ikonikus ves\u00e9k m\u00e9g mark\u00e1nsabbak, a bels\u0151 t\u00e9r pedig a luxus \u00e9s technol\u00f3gia cs\u00facspontja. A pr\u00e9mium b\u0151r\u00fcl\u00e9sek, a nagy m\u00e9ret\u0171 \u00e9rint\u0151kijelz\u0151k \u00e9s az iDrive 8 rendszer garant\u00e1lj\u00e1k, hogy az utaz\u00e1s k\u00e9nyelmes \u00e9s \u00e9lvezetes legyen.<\/p>\n<p class=\"p1\"><b>F\u0151bb jellemz\u0151k:<\/b><b><\/b><\/p>\n<p class=\"p3\">\u2022<b>Motor:<\/b> 3.0 literes, 6 hengeres d\u00edzel, 286 LE<\/p>\n<p class=\"p3\">\u2022<b>Nyomat\u00e9k:<\/b> 650 Nm<\/p>\n<p class=\"p3\">\u2022<b>Gyorsul\u00e1s:<\/b> 0-100 km\/h 6,1 m\u00e1sodperc<\/p>\n<p class=\"p3\">\u2022<b>Hajt\u00e1s:<\/b> BMW xDrive \u00f6sszker\u00e9khajt\u00e1s<\/p>\n<p class=\"p3\">\u2022<b>Felszerelts\u00e9g:<\/b> Adapt\u00edv LED f\u00e9nysz\u00f3r\u00f3k, panor\u00e1ma \u00fcvegtet\u0151, vezet\u00e9st\u00e1mogat\u00f3 rendszerek, intelligens infotainment.<\/p>\n<p class=\"p1\">B\u00e9relj BMW X5 30d-t most, \u00e9s tapasztald meg, mit jelent a kompromisszummentes SUV-vezet\u00e9si \u00e9lm\u00e9ny!<\/p>","protected":false},"author":78,"featured_media":0,"template":"","vehica_6655":[2325],"vehica_6659":[2483],"vehica_6660":[2445],"vehica_6662":[2480],"vehica_6663":[2108],"vehica_12770":[2488],"vehica_6670":[],"vehica_12723":[2499,2497,2490,2498,2500,2495,2489,2494,2491],"class_list":["post-23515","vehica_car","type-vehica_car","status-publish","hentry","vehica_6655-suv","vehica_6659-bmw","vehica_6660-x5","vehica_6662-automata","vehica_6663-diesel","vehica_12770-5-ajto","vehica_12723-360-os-kamera","vehica_12723-adaptiv-tempomat","vehica_12723-android-auto-apple-carplay","vehica_12723-elektromosan-allithato-vezetoules","vehica_12723-led-vilagitas","vehica_12723-napfenyteto","vehica_12723-tempomat","vehica_12723-tobbzonas-klimaberendezes","vehica_12723-tolatokamera"],"vehica_6656":{"vehica_currency_6656_2316":550000},"vehica_14696":"2024","vehica_6664":"0","vehica_6673":["https:\/\/ilussorent.hu\/wp-content\/uploads\/2024\/08\/2024-bmw-x5-xdrive-50e-796-659d5427d6862.jpg","https:\/\/ilussorent.hu\/wp-content\/uploads\/2024\/08\/P90557148_lowRes_the-bmw-x5-silver-an.jpg","https:\/\/ilussorent.hu\/wp-content\/uploads\/2024\/08\/2024-bmw-x5-xdrive-50e-764-659d54237707f.jpg","https:\/\/ilussorent.hu\/wp-content\/uploads\/2024\/08\/P90557157_lowRes_the-bmw-x5-silver-an.jpg","https:\/\/ilussorent.hu\/wp-content\/uploads\/2024\/08\/P90557158_lowRes_the-bmw-x5-silver-an.jpg","https:\/\/ilussorent.hu\/wp-content\/uploads\/2024\/08\/2024-bmw-x5-xdrive-50e-767-659d542231992.jpg","https:\/\/ilussorent.hu\/wp-content\/uploads\/2024\/08\/2024-bmw-x5-xdrive-50e-780-659d54245f113.jpg","https:\/\/ilussorent.hu\/wp-content\/uploads\/2024\/08\/2024-bmw-x5-xdrive-50e-847-659d542bbc8b3.jpg"],"vehica_6674":{"url":"","embed":""},"vehica_18820":[],"vehica_22948":"Brooklyn Grey","vehica_22949":"B\u00e9zs","vehica_22987":"286","_links":{"self":[{"href":"https:\/\/ilussorent.hu\/en\/wp-json\/wp\/v2\/cars\/23515","targetHints":{"allow":["GET"]}}],"collection":[{"href":"https:\/\/ilussorent.hu\/en\/wp-json\/wp\/v2\/cars"}],"about":[{"href":"https:\/\/ilussorent.hu\/en\/wp-json\/wp\/v2\/types\/vehica_car"}],"author":[{"embeddable":true,"href":"https:\/\/ilussorent.hu\/en\/wp-json\/wp\/v2\/users\/78"}],"wp:attachment":[{"href":"https:\/\/ilussorent.hu\/en\/wp-json\/wp\/v2\/media?parent=23515"}],"wp:term":[{"taxonomy":"vehica_6655","embeddable":true,"href":"https:\/\/ilussorent.hu\/en\/wp-json\/wp\/v2\/vehica_6655?post=23515"},{"taxonomy":"vehica_6659","embeddable":true,"href":"https:\/\/ilussorent.hu\/en\/wp-json\/wp\/v2\/vehica_6659?post=23515"},{"taxonomy":"vehica_6660","embeddable":true,"href":"https:\/\/ilussorent.hu\/en\/wp-json\/wp\/v2\/vehica_6660?post=23515"},{"taxonomy":"vehica_6662","embeddable":true,"href":"https:\/\/ilussorent.hu\/en\/wp-json\/wp\/v2\/vehica_6662?post=23515"},{"taxonomy":"vehica_6663","embeddable":true,"href":"https:\/\/ilussorent.hu\/en\/wp-json\/wp\/v2\/vehica_6663?post=23515"},{"taxonomy":"vehica_12770","embeddable":true,"href":"https:\/\/ilussorent.hu\/en\/wp-json\/wp\/v2\/vehica_12770?post=23515"},{"taxonomy":"vehica_6670","embeddable":true,"href":"https:\/\/ilussorent.hu\/en\/wp-json\/wp\/v2\/vehica_6670?post=23515"},{"taxonomy":"vehica_12723","embeddable":true,"href":"https:\/\/ilussorent.hu\/en\/wp-json\/wp\/v2\/vehica_12723?post=23515"}],"curies":[{"name":"wp","href":"https:\/\/api.w.org\/{rel}","templated":true}]}}

BMW X5 30d A TÖKÉLETES PRÉMIUM SUV

<p class="p1">Ismerd meg a 2024-es BMW X5 30d-t, a luxus és a teljesítmény tökéletes ötvözetét, amely minden utazást emlékezetessé tesz!</p>
<p class="p1">Az új generációs BMW X5 30d a legmodernebb dízeltechnológiával érkezik, 286 lóerős motorjával és 650 Nm-es nyomatékával elképesztő gyorsulást és rugalmasságot kínál. A BMW xDrive összkerékhajtás biztosítja a stabilitást bármilyen terepen, legyen az városi utca vagy hegyi szerpentin.</p>
<p class="p1">Az új dizájn még kifinomultabb, az ikonikus vesék még markánsabbak, a belső tér pedig a luxus és technológia csúcspontja. A prémium bőrülések, a nagy méretű érintőkijelzők és az iDrive 8 rendszer garantálják, hogy az utazás kényelmes és élvezetes legyen.</p>
<p class="p1"><b>Főbb jellemzők:</b><b></b></p>
<p class="p3">•<b>Motor:</b> 3.0 literes, 6 hengeres dízel, 286 LE</p>
<p class="p3">•<b>Nyomaték:</b> 650 Nm</p>
<p class="p3">•<b>Gyorsulás:</b> 0-100 km/h 6,1 másodperc</p>
<p class="p3">•<b>Hajtás:</b> BMW xDrive összkerékhajtás</p>
<p class="p3">•<b>Felszereltség:</b> Adaptív LED fényszórók, panoráma üvegtető, vezetéstámogató rendszerek, intelligens infotainment.</p>
<p class="p1">Bérelj BMW X5 30d-t most, és tapasztald meg, mit jelent a kompromisszummentes SUV-vezetési élmény!</p>

Bézs
